k(12). Suppose -3*g = 5*j + 329 + 129, 5*g + 5 = 0. Let c = j - m. What is the tens digit of c?
3
Let q(w) = -7*w - 15. What is the units digit of q(-26)?
7
Let d = -154 - -65. Let o = -66 - d. What is the tens digit of o?
2
Suppose 0 = -4*l - 4*j + 28 + 364, 0 = -2*l - 3*j + 197. Suppose -3*q = -g - l, 0 = -4*g + 11 + 9. What is the tens digit of q?
3
Let t(v) = -v**3 - 2*v**2 - 5*v + 1. Let n(z) = -z**3 - z**2 - 6*z + 2. Let m(w) = 5*n(w) - 6*t(w). What is the tens digit of m(-6)?
4
Let b(n) = n**3 + 3*n**2 - 6*n - 6. Let p be b(-4). Suppose 4*u = p*u. Suppose u = -5*t + 16 + 54. What is the units digit of t?
4
Let o(w) = -w + 7. Let a be o(3). Suppose 72 = a*g + 12. Let l = g + -9. What is the units digit of l?
6
Suppose 4*v - 1227 = v. Suppose 12*y - 311 = v. What is the units digit of y?
0
Let c = 2792 + -1663. What is the tens digit of c?
2
Suppose -4*p - 20 = 0, h - 3*h + 4*p - 74 = 0. What is the tens digit of -2*h*5/10?
4
Suppose 0 = -26*w + 29*w - 48. Suppose 3*c - 20 = 2*x, -16 = -2*c + 4*x - 0*x. Suppose -7*i = -c*i - w. What is the units digit of i?
6
What is the hundreds digit of (-5092)/(-9) + 1 + (-21)/27?
5
Let u = -87 - -53. Let a be (55/3)/((-3)/9). Let l = u - a. What is the tens digit of l?
2
Let v(w) = w**3 + 8*w**2 + 2*w + 10. Let k be v(-8). Let q be (-34)/k*(17 + -2). Suppose 4*t - q = 23. What is the tens digit of t?
2
Suppose 36*p = 55*p - 17594. What is the tens digit of p?
2
Let i(o) = 2*o**3 - 13*o**2 - 24*o + 71. What is the units digit of i(12)?
7
Let s(u) = 11*u**3 - 11*u**2 + 33*u + 3. Let a(y) = 5*y**3 - 5*y**2 + 16*y + 2. Let k(x) = -13*a(x) + 6*s(x). What is the tens digit of k(5)?
4
Let x(y) = y**3 - 13*y**2 + 18*y - 17. Let i(r) = -3*r**3 - 3*r**2 - 2*r - 3. Let o be i(-2). What is the units digit of x(o)?
7
Let p = 8 - 2. Let b = 108 + -53. Suppose -k - b = -p*k. What is the units digit of k?
1
What is the units digit of (1 - 3/2)/(4/(-280))?
5
Suppose 3*g - 355 = 1325. What is the units digit of g?
0
Suppose q + 5 = 0, 149*q = f + 151*q - 2283. What is the tens digit of f?
9
Suppose 40 = y + 3*y. Suppose 2*d = -5*s + 35, -5*d + 6*s - 3*s = -y. Suppose -d*g + 168 - 53 = 0. What is the units digit of g?
3
Let g be (-21)/6*(1 + 21). Let n = 22 - -108. Let x = n + g. What is the tens digit of x?
5
Let d = -271 + 684. What is the units digit of d?
3
Let m be ((-4)/2)/(-5 + 105/20). What is the units digit of m/(-16) - 2/(-4)*167?
4
Let c = 5 + 11. Suppose 0 = -2*y + c - 14. Suppose -x + y = -0. What is the units digit of x?
1
What is the units digit of 864/5 + 6/30?
3
Let x(q) be the second derivative of 4/3*q**3 - 5*q + 2*q**2 + 0. What is the tens digit of x(2)?
2
Let g(h) = h**3 + 17*h**2 - 5*h + 2. Let d be g(-17). Suppose 2*v = -v + d. What is the units digit of v?
9
Let w(q) = 38*q - 185. What is the hundreds digit of w(28)?
8
Suppose 0 = 5*p - 1634 - 1496. What is the units digit of p?
6
Suppose -4*o = -3*o - 48. What is the tens digit of o?
4
Suppose 240 = -3*w + 5*i - 132, -5*w - i - 648 = 0. Let k = 19 - w. What is the tens digit of k?
4
Let q be 6/(-9) - (-43)/(-3). Let k be (-2)/(-6) + (-70)/q. Suppose 0*g + k*g - 42 = -2*s, g - 5 = 3*s. What is the units digit of g?
8
Suppose 382*d = 380*d + 2252. What is the units digit of d?
6
Let q be (-19)/(-57) + (-194)/6. What is the hundreds digit of q/24*2/(-8)*411?
1
Suppose -4*m = -11*m + 350. Suppose 0*u + 3*u - m = 5*v, 5*v - 50 = -2*u. What is the tens digit of u?
2
Let q(m) = -m**3 + 8*m**2 + 13. Let c be q(8). Suppose c*v + 6 = 16*v. Suppose v*k - 168 = -k. What is the units digit of k?
6
Suppose -o - 7*o = 0. Suppose 5*z - 390 = -o*z. What is the units digit of z?
8
Suppose 4*u = 3*f + 5375, -837 = -u + 4*f + 497. What is the tens digit of u?
4
Let w(q) = q + 2 - q**2 - 5*q - 3*q + q + q**3. Let a be w(3). Suppose 4 = 2*t + 8, -3*t - 130 = -a*m. What is the tens digit of m?
6
Suppose 0 = 4*b + 3*m - 2382, -805 - 971 = -3*b + 3*m. Suppose 13*c = 19*c - b. What is the units digit of c?
9
Let u = -24 + 28. Suppose -u*g + 60 + 16 = 0. What is the tens digit of g?
1
Let c = 441 + -58. What is the hundreds digit of c?
3
Let c(f) = 9 + 0*f**3 - 2*f**2 + f**2 - 5*f - f**2 + f**3. What is the units digit of c(6)?
3
Let y be (-68)/(-24) + 1/6. Let k be ((-10)/(-15))/((-2)/y). What is the units digit of k/(8/(-6) + 1)?
3
Suppose 0 = 37*f - 32*f + 490. Let x = 64 + f. What is the units digit of -3 + (-4)/(8/x)?
4
Let t = -820 - -1240. What is the hundreds digit of t?
4
Let x(d) = d - 2. Let a be x(7). Suppose -a*c + 72 = -168. Suppose 2*l - 48 - c = 0. What is the units digit of l?
8
Let g(d) = 25*d - 1. Let q(r) = -r. Let c(a) = -2*g(a) + 4*q(a). What is the tens digit of c(-1)?
5
Let t = -36 + 40. Suppose -3*b + 2*b = -d - 109, -3*b + t*d = -332. Suppose 0 = -4*y + b + 4. What is the tens digit of y?
2
Let v = 2 + 0. Let r(l) = l**2 + 15*l + 19. Let c be r(-14). Suppose -v*o - 3*h = -37, -2*o + c*h - 12 = -73. What is the units digit of o?
3
Suppose 4*r - 4 = -4*h - 0, -4*r - 5*h + 3 = 0. Suppose -78 = -r*n - 0*n. What is the tens digit of n?
3
Let r(h) = -114*h - 34. What is the thousands digit of r(-20)?
2
Let h(t) be the third derivative of t**5/60 - t**4/6 - 8*t**3/3 + 8*t**2. Let l be h(12). Suppose 5*f = 105 + l. What is the tens digit of f?
3
Suppose u = -401 + 119. What is the tens digit of u/(-12) + (-2)/(-4)?
2
Let r be 4/(-1)*(-5)/10. What is the tens digit of (-9 - -10)/(0 + r/86)?
4
Let j(i) = 2 + 22*i - 2 - 1 + 2. Let r be j(6). Suppose 4*y - 136 = 4*p, 2*y - r = -p - 53. What is the tens digit of y?
3
Let b(q) be the second derivative of 5*q**3/3 + q**2 - 9*q. Let o be b(13). What is the units digit of (o/36)/(2/6)?
1
Let o = -20 + 10. Let k = 40 + o. Suppose k = -12*x + 14*x. What is the units digit of x?
5
What is the units digit of 84/8*312/9?
4
Let b be (45/(-10))/((-3)/36). Suppose z + b = -8. Let t = -8 - z. What is the tens digit of t?
5
Suppose 4*s = 0, 245 = 5*w - s + 4*s. Suppose -48*o = -w*o + 284. What is the hundreds digit of o?
2
Suppose 5*a = -5, m + 2*a = 7*a + 126. What is the tens digit of m?
2
Let j(o) = -12*o + 9 - 24 - 10 + o**2. What is the units digit of j(18)?
3
Let p be (6/(-18))/((-2)/24). Suppose -r = 2*r - p*k - 841, -4*r - 2*k + 1136 = 0. Suppose 3*n + 165 = 3*q, 0*q - r = -5*q + 3*n. What is the tens digit of q?
5
Let l(x) = -x**3 + 3*x**2 + 7*x - 6. Let h be 8/14*21/3. What is the units digit of l(h)?
6
Suppose 0*z = 3*m + 2*z - 22, m - 2*z = 10. Suppose m*h - 14 = h. What is the units digit of h?
2
Let n = 0 - 6. Let a be ((-26)/3)/((-1)/n). Let l = -26 - a. What is the tens digit of l?
2
Suppose 93 = -4*n + h, 1 = -2*h - 5. Let r(g) = -12*g - 34. What is the hundreds digit of r(n)?
2
Suppose 0 = i + 5*y - 732, 3*i = -3*y + 1918 + 290. Suppose 62 - i = -5*j. What is the hundreds digit of j?
1
Suppose -55 = -4*d + 189. Let u = 77 + d. What is the units digit of u?
8
Let p(l) = l**3 + 9*l**2 + 6*l - 11. Let v be p(-8). Suppose -v*k + k + 260 = 0. What is the tens digit of k?
6
Let d(r) = 74*r**2 - 16*r + 6. What is the tens digit of d(4)?
2
Suppose m + 3*t = 348, -m - 79 + 422 = 2*t. What is the tens digit of m?
3
Let a be (-32)/80 + 58/(-5). Let o(c) = 2*c**2 + 19*c + 24. What is the tens digit of o(a)?
8
Let d(q) = 42*q**2 + 11*q - 141. What is the hundreds digit of d(8)?
6
Suppose h + g = 1421, -5*h + 6588 = g - 517. What is the thousands digit of h?
1
Let k = 71 - 87. What is the units digit of k/24 + (-170)/(-3)?
6
Let h(w) = -32*w**3 - 4*w**2 + 2*w + 14. What is the tens digit of h(-3)?
3
Suppose -2*y + 9*x + 3112 = 6*x, -3*y + x + 4668 = 0. What is the thousands digit of y?
1
Let v = 30 - 29. Let y be v*5 - 0/(-2). What is the tens digit of (-160)/(-4) - (y - 4)?
3
What is the tens digit of 48/1*(-9)/(-27)?
1
Let h = 457 + -3. What is the tens digit of h?
5
Let a(g) = g**3 - 4*g**2 - 6*g + 7. Let f be a(5). Suppose z - 2 = 0, 2*r = -f*z + 1 + 3. Suppose r*p + 2*p = 52. What is the tens digit of p?
2
Suppose 0 = 3*g - a - 85, -4*a = 2*g - 20 - 60. Let j = 39 + g. What is the units digit of j?
9
Let z(k) = -10*k**3 + 16*k**2 + 20*k - 28. Let j(o) = -3*o**3 + 5*o**2 + 7*o - 9. Let p(u) = -7*j(u) + 2*z(u). What is the tens digit of p(6)?
6
Let i = 0 - 3. Let k(a) = -a**2 - 12*a - 16. Let q be k(-4). What